{"id":1270,"date":"2024-11-14T13:02:57","date_gmt":"2024-11-14T12:02:57","guid":{"rendered":"https:\/\/freie-akademie-bs.de\/mentions-legales\/"},"modified":"2024-12-10T11:02:15","modified_gmt":"2024-12-10T10:02:15","slug":"mentions-legales","status":"publish","type":"page","link":"https:\/\/freie-akademie-bs.de\/fr\/mentions-legales\/","title":{"rendered":"Mentions l\u00e9gales"},"content":{"rendered":"\n<style type=\"text\/css\" data-created_by=\"avia_inline_auto\" id=\"style-css-av-m3hsse5x-37557bf85fd7c19a957ced8b38c5f7bc\">\n#top .av-special-heading.av-m3hsse5x-37557bf85fd7c19a957ced8b38c5f7bc{\npadding-bottom:10px;\n}\nbody .av-special-heading.av-m3hsse5x-37557bf85fd7c19a957ced8b38c5f7bc .av-special-heading-tag .heading-char{\nfont-size:25px;\n}\n.av-special-heading.av-m3hsse5x-37557bf85fd7c19a957ced8b38c5f7bc .av-subheading{\nfont-size:15px;\n}\n<\/style>\n<div  class='av-special-heading av-m3hsse5x-37557bf85fd7c19a957ced8b38c5f7bc av-special-heading-h1 blockquote modern-quote  avia-builder-el-0  el_before_av_hr  avia-builder-el-first '><h1 class='av-special-heading-tag '  itemprop=\"headline\"  >Mentions l\u00e9gales<\/h1><div class='av-subheading av-subheading_below'><p>Informations selon \u00a7 5 DDG, responsable du contenu selon \u00a7 55 Abs. 2 RStV<\/p>\n<\/div><div class=\"special-heading-border\"><div class=\"special-heading-inner-border\"><\/div><\/div><\/div>\n\n<style type=\"text\/css\" data-created_by=\"avia_inline_auto\" id=\"style-css-av-m3hssmth-84cc3a9d4d6c97d3a1f1d5c05498b008\">\n#top .hr.hr-invisible.av-m3hssmth-84cc3a9d4d6c97d3a1f1d5c05498b008{\nheight:50px;\n}\n<\/style>\n<div  class='hr av-m3hssmth-84cc3a9d4d6c97d3a1f1d5c05498b008 hr-invisible  avia-builder-el-1  el_after_av_heading  el_before_av_one_half '><span class='hr-inner '><span class=\"hr-inner-style\"><\/span><\/span><\/div>\n<div  class='flex_column av-2cvnr-2980e3c1f313f323105a4b85c1570953 av_one_half  avia-builder-el-2  el_after_av_hr  el_before_av_one_half  first flex_column_div  '     ><section  class='av_textblock_section av-m3hssvc4-452ff855830518f36f5d9530d94bb296 '   itemscope=\"itemscope\" itemtype=\"https:\/\/schema.org\/CreativeWork\" ><div class='avia_textblock'  itemprop=\"text\" ><h3>Acad\u00e9mie libre de Braunschweig, Kara &amp; Knapheide GbR<\/h3>\n<p>Sack 12 38106 Braunschweig Tribunal d&rsquo;instance de Braunschweig AB XXXX BR Num\u00e9ro d&rsquo;identification fiscale : 14\/235\/59409<br \/>\nNum\u00e9ro d&rsquo;entreprise : 24456892<\/p>\n<\/div><\/section><\/div><div  class='flex_column av-50tb-92c07e9a775bf94fd6129a007d3f4c68 av_one_half  avia-builder-el-4  el_after_av_one_half  el_before_av_hr  flex_column_div  '     ><section  class='av_textblock_section av-m3hst16r-cd178c1d7d910074ad22f5649000bef2 '   itemscope=\"itemscope\" itemtype=\"https:\/\/schema.org\/CreativeWork\" ><div class='avia_textblock'  itemprop=\"text\" ><h3>Contact<\/h3>\n<p>T\u00e9l\u00e9phone : 0531 \/ 6150330 E-mail : info@freie-akademie-bs.de <strong>Repr\u00e9sent\u00e9 par :<\/strong><br \/>\nMustafa Kara<br \/>\nDamiri David Knapheide<\/p>\n<\/div><\/section><\/div><\/p>\n\n<style type=\"text\/css\" data-created_by=\"avia_inline_auto\" id=\"style-css-av-pirz-f633b9a756034838d90fcc0326957f69\">\n#top .hr.hr-invisible.av-pirz-f633b9a756034838d90fcc0326957f69{\nheight:50px;\n}\n<\/style>\n<div  class='hr av-pirz-f633b9a756034838d90fcc0326957f69 hr-invisible  avia-builder-el-6  el_after_av_one_half  el_before_av_textblock '><span class='hr-inner '><span class=\"hr-inner-style\"><\/span><\/span><\/div>\n<section  class='av_textblock_section av-m3hstiuf-53abb97a5444091bb952b7f1695c9d25 '   itemscope=\"itemscope\" itemtype=\"https:\/\/schema.org\/CreativeWork\" ><div class='avia_textblock'  itemprop=\"text\" ><p>Plate-forme de la Commission europ\u00e9enne pour le r\u00e8glement en ligne des litiges <a href=\"https:\/\/ec.europa.eu\/consumers\/odr\">:<\/a> https:\/\/ec.europa.eu\/consumers\/odr<br \/>\nNous ne sommes ni oblig\u00e9s ni dispos\u00e9s \u00e0 participer \u00e0 une proc\u00e9dure extrajudiciaire de r\u00e8glement des litiges. <strong>Responsabilit\u00e9 pour les contenus<br \/>\n<\/strong>En tant que prestataire de services, nous sommes responsables de nos propres contenus sur ces pages conform\u00e9ment \u00e0 l&rsquo;article 7, paragraphe 1, de la loi allemande sur la protection des donn\u00e9es (DDG). Conform\u00e9ment aux \u00a7\u00a7 8 \u00e0 10 de la DDG, nous ne sommes toutefois pas tenus, en tant que prestataire de services, de surveiller les informations externes transmises ou enregistr\u00e9es ou de rechercher les circonstances qui indiquent une activit\u00e9 ill\u00e9gale. L&rsquo;obligation de supprimer ou de bloquer l&rsquo;utilisation d&rsquo;informations conform\u00e9ment aux lois g\u00e9n\u00e9rales reste inchang\u00e9e. Une responsabilit\u00e9 \u00e0 cet \u00e9gard n&rsquo;est toutefois possible qu&rsquo;\u00e0 partir du moment o\u00f9 une violation concr\u00e8te de la loi est connue. D\u00e8s que nous aurons connaissance d&rsquo;une telle violation, nous supprimerons imm\u00e9diatement le contenu en question. <strong>Responsabilit\u00e9 pour les liens<br \/>\n<\/strong>Notre offre contient des liens vers des sites Web externes de tiers, sur le contenu desquels nous n&rsquo;avons aucune influence. Nous ne pouvons donc pas nous porter garants de ces contenus externes. Le fournisseur ou l&rsquo;exploitant des pages li\u00e9es est toujours responsable du contenu de ces pages. Les pages li\u00e9es ont \u00e9t\u00e9 v\u00e9rifi\u00e9es au moment de la cr\u00e9ation du lien afin de s&rsquo;assurer qu&rsquo;elles n&rsquo;enfreignaient pas la loi. Aucun contenu ill\u00e9gal n&rsquo;a \u00e9t\u00e9 identifi\u00e9 au moment de la cr\u00e9ation du lien. Un contr\u00f4le permanent du contenu des pages li\u00e9es n&rsquo;est cependant pas exigible sans indices concrets d&rsquo;une violation de la loi. D\u00e8s que nous aurons connaissance d&rsquo;une violation de la loi, nous supprimerons imm\u00e9diatement les liens en question. <strong>Droits d&rsquo;auteur<br \/>\n<\/strong>Les contenus et \u0153uvres cr\u00e9\u00e9s par les exploitants de ces pages sont soumis au droit d&rsquo;auteur allemand. La reproduction, le traitement, la diffusion et toute forme d&rsquo;exploitation en dehors des limites du droit d&rsquo;auteur n\u00e9cessitent l&rsquo;accord \u00e9crit de l&rsquo;auteur ou du cr\u00e9ateur concern\u00e9. Les t\u00e9l\u00e9chargements et les copies de ce site ne sont autoris\u00e9s que pour un usage priv\u00e9 et non commercial. Dans la mesure o\u00f9 les contenus de ce site n&rsquo;ont pas \u00e9t\u00e9 cr\u00e9\u00e9s par l&rsquo;exploitant, les droits d&rsquo;auteur de tiers sont respect\u00e9s. En particulier, les contenus de tiers sont identifi\u00e9s comme tels. Si vous deviez n\u00e9anmoins constater une violation des droits d&rsquo;auteur, nous vous prions de nous en informer. D\u00e8s que nous aurons connaissance d&rsquo;une violation de la loi, nous supprimerons imm\u00e9diatement le contenu en question.<\/p>\n<\/div><\/section>\n","protected":false},"excerpt":{"rendered":"","protected":false},"author":1,"featured_media":0,"parent":0,"menu_order":0,"comment_status":"closed","ping_status":"closed","template":"","meta":{"footnotes":""},"class_list":["post-1270","page","type-page","status-publish","hentry"],"yoast_head":"<!-- This site is optimized with the Yoast SEO plugin v25.5 - https:\/\/yoast.com\/wordpress\/plugins\/seo\/ -->\n<title>Mentions l\u00e9gales - Freie Akademie Braunschweig<\/title>\n<meta name=\"robots\" content=\"index, follow, max-snippet:-1, max-image-preview:large, max-video-preview:-1\" \/>\n<link rel=\"canonical\" href=\"https:\/\/freie-akademie-bs.de\/impressum\/\" \/>\n<meta property=\"og:locale\" content=\"fr_FR\" \/>\n<meta property=\"og:type\" content=\"article\" \/>\n<meta property=\"og:title\" content=\"Mentions l\u00e9gales - Freie Akademie Braunschweig\" \/>\n<meta property=\"og:url\" content=\"https:\/\/freie-akademie-bs.de\/impressum\/\" \/>\n<meta property=\"og:site_name\" content=\"Freie Akademie Braunschweig\" \/>\n<meta property=\"article:modified_time\" content=\"2024-12-10T10:02:15+00:00\" \/>\n<meta name=\"twitter:card\" content=\"summary_large_image\" \/>\n<meta name=\"twitter:label1\" content=\"Dur\u00e9e de lecture estim\u00e9e\" \/>\n\t<meta name=\"twitter:data1\" content=\"10 minutes\" \/>\n<script type=\"application\/ld+json\" class=\"yoast-schema-graph\">{\"@context\":\"https:\/\/schema.org\",\"@graph\":[{\"@type\":\"WebPage\",\"@id\":\"https:\/\/freie-akademie-bs.de\/impressum\/\",\"url\":\"https:\/\/freie-akademie-bs.de\/impressum\/\",\"name\":\"Mentions l\u00e9gales - Freie Akademie Braunschweig\",\"isPartOf\":{\"@id\":\"https:\/\/freie-akademie-bs.de\/#website\"},\"datePublished\":\"2024-11-14T12:02:57+00:00\",\"dateModified\":\"2024-12-10T10:02:15+00:00\",\"breadcrumb\":{\"@id\":\"https:\/\/freie-akademie-bs.de\/impressum\/#breadcrumb\"},\"inLanguage\":\"fr-FR\",\"potentialAction\":[{\"@type\":\"ReadAction\",\"target\":[\"https:\/\/freie-akademie-bs.de\/impressum\/\"]}]},{\"@type\":\"BreadcrumbList\",\"@id\":\"https:\/\/freie-akademie-bs.de\/impressum\/#breadcrumb\",\"itemListElement\":[{\"@type\":\"ListItem\",\"position\":1,\"name\":\"Startseite\",\"item\":\"https:\/\/freie-akademie-bs.de\/fr\/page-daccueil\/\"},{\"@type\":\"ListItem\",\"position\":2,\"name\":\"Mentions l\u00e9gales\"}]},{\"@type\":\"WebSite\",\"@id\":\"https:\/\/freie-akademie-bs.de\/#website\",\"url\":\"https:\/\/freie-akademie-bs.de\/\",\"name\":\"Freie Akademie Braunschweig\",\"description\":\"Ihre regionale Sprachschule\",\"potentialAction\":[{\"@type\":\"SearchAction\",\"target\":{\"@type\":\"EntryPoint\",\"urlTemplate\":\"https:\/\/freie-akademie-bs.de\/?s={search_term_string}\"},\"query-input\":{\"@type\":\"PropertyValueSpecification\",\"valueRequired\":true,\"valueName\":\"search_term_string\"}}],\"inLanguage\":\"fr-FR\"}]}<\/script>\n<!-- \/ Yoast SEO plugin. -->","yoast_head_json":{"title":"Mentions l\u00e9gales - Freie Akademie Braunschweig","robots":{"index":"index","follow":"follow","max-snippet":"max-snippet:-1","max-image-preview":"max-image-preview:large","max-video-preview":"max-video-preview:-1"},"canonical":"https:\/\/freie-akademie-bs.de\/impressum\/","og_locale":"fr_FR","og_type":"article","og_title":"Mentions l\u00e9gales - Freie Akademie Braunschweig","og_url":"https:\/\/freie-akademie-bs.de\/impressum\/","og_site_name":"Freie Akademie Braunschweig","article_modified_time":"2024-12-10T10:02:15+00:00","twitter_card":"summary_large_image","twitter_misc":{"Dur\u00e9e de lecture estim\u00e9e":"10 minutes"},"schema":{"@context":"https:\/\/schema.org","@graph":[{"@type":"WebPage","@id":"https:\/\/freie-akademie-bs.de\/impressum\/","url":"https:\/\/freie-akademie-bs.de\/impressum\/","name":"Mentions l\u00e9gales - Freie Akademie Braunschweig","isPartOf":{"@id":"https:\/\/freie-akademie-bs.de\/#website"},"datePublished":"2024-11-14T12:02:57+00:00","dateModified":"2024-12-10T10:02:15+00:00","breadcrumb":{"@id":"https:\/\/freie-akademie-bs.de\/impressum\/#breadcrumb"},"inLanguage":"fr-FR","potentialAction":[{"@type":"ReadAction","target":["https:\/\/freie-akademie-bs.de\/impressum\/"]}]},{"@type":"BreadcrumbList","@id":"https:\/\/freie-akademie-bs.de\/impressum\/#breadcrumb","itemListElement":[{"@type":"ListItem","position":1,"name":"Startseite","item":"https:\/\/freie-akademie-bs.de\/fr\/page-daccueil\/"},{"@type":"ListItem","position":2,"name":"Mentions l\u00e9gales"}]},{"@type":"WebSite","@id":"https:\/\/freie-akademie-bs.de\/#website","url":"https:\/\/freie-akademie-bs.de\/","name":"Freie Akademie Braunschweig","description":"Ihre regionale Sprachschule","potentialAction":[{"@type":"SearchAction","target":{"@type":"EntryPoint","urlTemplate":"https:\/\/freie-akademie-bs.de\/?s={search_term_string}"},"query-input":{"@type":"PropertyValueSpecification","valueRequired":true,"valueName":"search_term_string"}}],"inLanguage":"fr-FR"}]}},"_links":{"self":[{"href":"https:\/\/freie-akademie-bs.de\/fr\/wp-json\/wp\/v2\/pages\/1270","targetHints":{"allow":["GET"]}}],"collection":[{"href":"https:\/\/freie-akademie-bs.de\/fr\/wp-json\/wp\/v2\/pages"}],"about":[{"href":"https:\/\/freie-akademie-bs.de\/fr\/wp-json\/wp\/v2\/types\/page"}],"author":[{"embeddable":true,"href":"https:\/\/freie-akademie-bs.de\/fr\/wp-json\/wp\/v2\/users\/1"}],"replies":[{"embeddable":true,"href":"https:\/\/freie-akademie-bs.de\/fr\/wp-json\/wp\/v2\/comments?post=1270"}],"version-history":[{"count":2,"href":"https:\/\/freie-akademie-bs.de\/fr\/wp-json\/wp\/v2\/pages\/1270\/revisions"}],"predecessor-version":[{"id":1280,"href":"https:\/\/freie-akademie-bs.de\/fr\/wp-json\/wp\/v2\/pages\/1270\/revisions\/1280"}],"wp:attachment":[{"href":"https:\/\/freie-akademie-bs.de\/fr\/wp-json\/wp\/v2\/media?parent=1270"}],"curies":[{"name":"wp","href":"https:\/\/api.w.org\/{rel}","templated":true}]}}

Mentions légales

<style type="text/css" data-created_by="avia_inline_auto" id="style-css-av-m3hsse5x-37557bf85fd7c19a957ced8b38c5f7bc">
#top .av-special-heading.av-m3hsse5x-37557bf85fd7c19a957ced8b38c5f7bc{
padding-bottom:10px;
}
body .av-special-heading.av-m3hsse5x-37557bf85fd7c19a957ced8b38c5f7bc .av-special-heading-tag .heading-char{
font-size:25px;
}
.av-special-heading.av-m3hsse5x-37557bf85fd7c19a957ced8b38c5f7bc .av-subheading{
font-size:15px;
}
</style>
<div  class='av-special-heading av-m3hsse5x-37557bf85fd7c19a957ced8b38c5f7bc av-special-heading-h1 blockquote modern-quote  avia-builder-el-0  el_before_av_hr  avia-builder-el-first '><h1 class='av-special-heading-tag '  itemprop="headline"  >Mentions légales</h1><div class='av-subheading av-subheading_below'><p>Informations selon § 5 DDG, responsable du contenu selon § 55 Abs. 2 RStV</p>
</div><div class="special-heading-border"><div class="special-heading-inner-border"></div></div></div>

<style type="text/css" data-created_by="avia_inline_auto" id="style-css-av-m3hssmth-84cc3a9d4d6c97d3a1f1d5c05498b008">
#top .hr.hr-invisible.av-m3hssmth-84cc3a9d4d6c97d3a1f1d5c05498b008{
height:50px;
}
</style>
<div  class='hr av-m3hssmth-84cc3a9d4d6c97d3a1f1d5c05498b008 hr-invisible  avia-builder-el-1  el_after_av_heading  el_before_av_one_half '><span class='hr-inner '><span class="hr-inner-style"></span></span></div>
<div  class='flex_column av-2cvnr-2980e3c1f313f323105a4b85c1570953 av_one_half  avia-builder-el-2  el_after_av_hr  el_before_av_one_half  first flex_column_div  '     ><section  class='av_textblock_section av-m3hssvc4-452ff855830518f36f5d9530d94bb296 '   itemscope="itemscope" itemtype="https://schema.org/CreativeWork" ><div class='avia_textblock'  itemprop="text" ><h3>Académie libre de Braunschweig, Kara &amp; Knapheide GbR</h3>
<p>Sack 12 38106 Braunschweig Tribunal d&rsquo;instance de Braunschweig AB XXXX BR Numéro d&rsquo;identification fiscale : 14/235/59409<br />
Numéro d&rsquo;entreprise : 24456892</p>
</div></section></div><div  class='flex_column av-50tb-92c07e9a775bf94fd6129a007d3f4c68 av_one_half  avia-builder-el-4  el_after_av_one_half  el_before_av_hr  flex_column_div  '     ><section  class='av_textblock_section av-m3hst16r-cd178c1d7d910074ad22f5649000bef2 '   itemscope="itemscope" itemtype="https://schema.org/CreativeWork" ><div class='avia_textblock'  itemprop="text" ><h3>Contact</h3>
<p>Téléphone : 0531 / 6150330 E-mail : info@freie-akademie-bs.de <strong>Représenté par :</strong><br />
Mustafa Kara<br />
Damiri David Knapheide</p>
</div></section></div></p>

<style type="text/css" data-created_by="avia_inline_auto" id="style-css-av-pirz-f633b9a756034838d90fcc0326957f69">
#top .hr.hr-invisible.av-pirz-f633b9a756034838d90fcc0326957f69{
height:50px;
}
</style>
<div  class='hr av-pirz-f633b9a756034838d90fcc0326957f69 hr-invisible  avia-builder-el-6  el_after_av_one_half  el_before_av_textblock '><span class='hr-inner '><span class="hr-inner-style"></span></span></div>
<section  class='av_textblock_section av-m3hstiuf-53abb97a5444091bb952b7f1695c9d25 '   itemscope="itemscope" itemtype="https://schema.org/CreativeWork" ><div class='avia_textblock'  itemprop="text" ><p>Plate-forme de la Commission européenne pour le règlement en ligne des litiges <a href="https://ec.europa.eu/consumers/odr">:</a> https://ec.europa.eu/consumers/odr<br />
Nous ne sommes ni obligés ni disposés à participer à une procédure extrajudiciaire de règlement des litiges. <strong>Responsabilité pour les contenus<br />
</strong>En tant que prestataire de services, nous sommes responsables de nos propres contenus sur ces pages conformément à l&rsquo;article 7, paragraphe 1, de la loi allemande sur la protection des données (DDG). Conformément aux §§ 8 à 10 de la DDG, nous ne sommes toutefois pas tenus, en tant que prestataire de services, de surveiller les informations externes transmises ou enregistrées ou de rechercher les circonstances qui indiquent une activité illégale. L&rsquo;obligation de supprimer ou de bloquer l&rsquo;utilisation d&rsquo;informations conformément aux lois générales reste inchangée. Une responsabilité à cet égard n&rsquo;est toutefois possible qu&rsquo;à partir du moment où une violation concrète de la loi est connue. Dès que nous aurons connaissance d&rsquo;une telle violation, nous supprimerons immédiatement le contenu en question. <strong>Responsabilité pour les liens<br />
</strong>Notre offre contient des liens vers des sites Web externes de tiers, sur le contenu desquels nous n&rsquo;avons aucune influence. Nous ne pouvons donc pas nous porter garants de ces contenus externes. Le fournisseur ou l&rsquo;exploitant des pages liées est toujours responsable du contenu de ces pages. Les pages liées ont été vérifiées au moment de la création du lien afin de s&rsquo;assurer qu&rsquo;elles n&rsquo;enfreignaient pas la loi. Aucun contenu illégal n&rsquo;a été identifié au moment de la création du lien. Un contrôle permanent du contenu des pages liées n&rsquo;est cependant pas exigible sans indices concrets d&rsquo;une violation de la loi. Dès que nous aurons connaissance d&rsquo;une violation de la loi, nous supprimerons immédiatement les liens en question. <strong>Droits d&rsquo;auteur<br />
</strong>Les contenus et œuvres créés par les exploitants de ces pages sont soumis au droit d&rsquo;auteur allemand. La reproduction, le traitement, la diffusion et toute forme d&rsquo;exploitation en dehors des limites du droit d&rsquo;auteur nécessitent l&rsquo;accord écrit de l&rsquo;auteur ou du créateur concerné. Les téléchargements et les copies de ce site ne sont autorisés que pour un usage privé et non commercial. Dans la mesure où les contenus de ce site n&rsquo;ont pas été créés par l&rsquo;exploitant, les droits d&rsquo;auteur de tiers sont respectés. En particulier, les contenus de tiers sont identifiés comme tels. Si vous deviez néanmoins constater une violation des droits d&rsquo;auteur, nous vous prions de nous en informer. Dès que nous aurons connaissance d&rsquo;une violation de la loi, nous supprimerons immédiatement le contenu en question.</p>
</div></section>

<!-- This site is optimized with the Yoast SEO plugin v25.5 - https://yoast.com/wordpress/plugins/seo/ -->
<title>Mentions légales - Freie Akademie Braunschweig</title>
<meta name="robots" content="index, follow, max-snippet:-1, max-image-preview:large, max-video-preview:-1" />
<link rel="canonical" href="https://freie-akademie-bs.de/impressum/" />
<meta property="og:locale" content="fr_FR" />
<meta property="og:type" content="article" />
<meta property="og:title" content="Mentions légales - Freie Akademie Braunschweig" />
<meta property="og:url" content="https://freie-akademie-bs.de/impressum/" />
<meta property="og:site_name" content="Freie Akademie Braunschweig" />
<meta property="article:modified_time" content="2024-12-10T10:02:15+00:00" />
<meta name="twitter:card" content="summary_large_image" />
<meta name="twitter:label1" content="Durée de lecture estimée" />
	<meta name="twitter:data1" content="10 minutes" />
<script type="application/ld+json" class="yoast-schema-graph">{"@context":"https://schema.org","@graph":[{"@type":"WebPage","@id":"https://freie-akademie-bs.de/impressum/","url":"https://freie-akademie-bs.de/impressum/","name":"Mentions légales - Freie Akademie Braunschweig","isPartOf":{"@id":"https://freie-akademie-bs.de/#website"},"datePublished":"2024-11-14T12:02:57+00:00","dateModified":"2024-12-10T10:02:15+00:00","breadcrumb":{"@id":"https://freie-akademie-bs.de/impressum/#breadcrumb"},"inLanguage":"fr-FR","potentialAction":[{"@type":"ReadAction","target":["https://freie-akademie-bs.de/impressum/"]}]},{"@type":"BreadcrumbList","@id":"https://freie-akademie-bs.de/impressum/#breadcrumb","itemListElement":[{"@type":"ListItem","position":1,"name":"Startseite","item":"https://freie-akademie-bs.de/fr/page-daccueil/"},{"@type":"ListItem","position":2,"name":"Mentions légales"}]},{"@type":"WebSite","@id":"https://freie-akademie-bs.de/#website","url":"https://freie-akademie-bs.de/","name":"Freie Akademie Braunschweig","description":"Ihre regionale Sprachschule","potentialAction":[{"@type":"SearchAction","target":{"@type":"EntryPoint","urlTemplate":"https://freie-akademie-bs.de/?s={search_term_string}"},"query-input":{"@type":"PropertyValueSpecification","valueRequired":true,"valueName":"search_term_string"}}],"inLanguage":"fr-FR"}]}</script>
<!-- / Yoast SEO plugin. -->

Mentions légales - Freie Akademie Braunschweig
